(42 - -6) - (-1 + 0 - 64) - 6
57
219 + -105 - 151 - -46
9
Calculate (49 - (0 - -3 - (191 + -191))) + 7.
53
Calculate -10 + -9 - -5 - (-50 - (10 + -7 - 14)).
25
(-27 - (-137 + 49)) + -70
-9
Calculate -9 + (-7 - 77) + 0 - (-1 - (20 - 9)).
-81
What is the value of 1 - -5 - (-972 + 921)?
57
What is the value of 10 - ((-13 - (19 + -3 + 2)) + 11)?
30
What is the value of -6 + 0 + -8 + 5 + -4 + 6 + 77?
70
Evaluate -6 - (51 - (-15 + -16 - -34)).
-54
What is -216 + 227 - ((-10 - (-3 + -7)) + -2 + 22)?
-9
Calculate 76 - (-1 + 2 - (-92 - -24 - -57)).
64
Evaluate (-136 - -363) + -133 + -11 + 1 + -2.
82
Calculate -104 + (21 - (17 + 2 - 26)).
-76
What is the value of 4 + -6 + -4 + (12 + -4 - 14 - 14)?
-26
Evaluate -109 + 92 - 50 - 6.
-73
(-46 - (69 + -125)) + (-6 - 2) + (0 - 3)
-1
Evaluate -314 - -359 - (-1 - -9).
37
-56 - ((-12 - (10 + -20)) + 1) - -11
-44
What is (-2 - 2) + 60 + -101 + (0 - -28)?
-17
Evaluate (-12 + 15 - 6 - -157) + 57 + -74.
137
What is the value of (1669 - 1603) + 2 + 4 + 6?
78
(8 - (22 - 16) - -1) + 57
60
What is the value of (113 - 114 - (-2 - ((5 - 2) + -1))) + 47?
50
What is the value of -10 + (27 - 16) + -7 - (-42 - 4 - 7)?
47
What is the value of -67 - -34 - (-16 - -10)?
-27
(-240 + 96 - -136) + 12 + 0
4
What is 6293 - 6318 - (9 - 1)?
-33
Evaluate (1 - 23) + (-3723 - -3702).
-43
Evaluate 5 - -52 - (32 + -13 + -3).
41
What is the value of (-43 - 2) + (183 + -196 - (-20 + -2))?
-36
What is the value of -77 + 79 + -120 + 52?
-66
6 + (-38 - (-1 - 30)) + (0 - -7)
6
What is 233 - 354 - (33 + -53 - (-2 + -4))?
-107
Evaluate 46 + 7 + -28 + (-3 - 29).
-7
What is 54 + 24 + -19 + -36 + -24?
-1
Evaluate 10 + -1 + -84 + 88 - (14 - 13).
12
Evaluate -141 - -42 - 3 - -19.
-83
Calculate -27 - -133 - (87 + -79).
98
Calculate (17 - 1) + 1 + (-378 - -384).
23
7 + (1 - 0 - (202 + -182)) - 14
-26
What is the value of 6 - (5 - (-16 + 28) - 13)?
26
(38 - -2) + (-1190 - -1197)
47
Calculate -166 + 106 + 152 - 134.
-42
(-28 - -35) + -8 + -27 + 18
-10
11567 + -11526 + (-55 - 0)
-14
Calculate -59 + (7 + (-3 - (15 + -12)) - -6).
-52
What is 28 - ((65 - -10) + -107)?
60
Calculate 26 - (8 - 27) - (10 - (10 + -12)).
33
Evaluate 17 + 5 + (24 - 39) - (-1 + 1).
7
131 + (-155 - 43) + 76
9
What is the value of (-12 + (11 - 20) - -62) + 15?
56
What is -2 - -4 - -2 - (-94 - (-19 - 73))?
6
(-13 - ((17 - 23) + -4)) + 65 - -17
79
-297 + 296 - (9 + (-8 - -2)) - (1 + -121)
116
Evaluate -48 + (98 - 18) + -13 - -6.
25
Calculate (9 - -93) + -7 - (3 - (6 - 18)).
80
What is the value of 1 + 16 - (56 + -56 + 17) - 37?
-37
What is 38 - (-38 - -74) - (2 + -2 - (-35 + -11))?
-44
What is (4 - 20) + -1027 + 996?
-47
Calculate (-3497 - -3497) + (-2 - -1) + (1 - -49) + -3.
46
What is the value of 0 - -13 - (-202 + -152 - -302)?
65
50 - ((-50 - -32) + 69)
-1
What is 16 + (-12 - -5) + -9 + (-12 - 0)?
-12
Calculate -1801 + 1841 - (85 - 0).
-45
-16 + 6 + 2 + -1 + (54 - -9) + 7
61
-4 + 51 + 6 + -55 + 22
20
What is the value of -45 + (-8 - -4 - -20) + -12?
-41
Calculate 2818 - 2884 - (-2 + 25).
-89
What is -4 + 0 + -45 + 4 - (-718 + 718)?
-45
Calculate (-22 - 21) + 76 + (-2 - (1 - 5)).
35
What is -8 + (15 - ((12 - 9) + 4)) - (1 - -82)?
-83
What is 1 + 1 + 79 + -9 + -13 + 6 - 9?
56
What is the value of 18 + -1 + (-10 - 6) - 64?
-63
What is the value of -103 + 119 - (-12 - -8 - -34)?
-14
Evaluate -9 + (-8 - (33 - 16 - 8)) - 2.
-28
Calculate 15 - ((1 - 7) + 62 + -8).
-33
What is 6 - (1 - (3 + -27) - (-155 + 142))?
-32
Evaluate (37 - (3 + -2 + 2)) + (30 + -38 - 0).
26
What is the value of -33 + -46 + (1 - -35) + -63?
-106
Evaluate (-21 - -7) + (76 - 96).
-34
What is -134 - (-255 + 40) - -38?
119
Calculate (-36 - 0) + (-17 + 21 + 14 - 10 - 16).
-44
(-51 - -7) + (20 - 11) - -4
-31
What is the value of -39 + (23 - ((18 - -14) + -11))?
-37
Calculate 0 + -21 - (-82 + 28 + -65 + 28).
70
What is the value of -3 - (-12 - (-22 + 26 + -15 + 3))?
1
Evaluate 6186 - 6167 - (-1 - -1 - (14 - 1)).
32
What is the value of -4 + (-20 - (8 + -3)) + 1 + 5?
-23
(2 - -8 - -31) + -7 + -1 - (13 + -10)
30
What is the value of 1 + (-18 - -26 - -120) + 19 + -8?
140
-136 + 137 + (-9 - -30) - (0 - -24)
-2
46 + (55 - 63) + -65
-27
79 + (9 - (8 - 14)) + (-46 - -32)
80
What is 10 + -1 + (-14 + 20 - (-4 - 10))?
29
What is (28 - 6) + (7 + 7 - -11)?
47
What is (2 + -18 - (0 - 11)) + -22?
-27
Evaluate (37 - 14 - 24) + 3 + 6 - 2.
6
-22 + 27 + -20 + -12 + (0 - 3 - 1)
-31
What is the value of -9 + -19 + 23 + (-9 - 4) + -52?
-70
Evaluate -38 + 34 - (6 + 5 + -6 + -5) - 29.
-33
What is the value of 82 - 7 - (-2176 - -2189)?
62
Evaluate 1 + 1 + 3 + (48 - (63 - 39)).
29
-1 + -115 + (62 - 140) + 98 - -1
-95
What is (-123 + 267 - 136) + -107?
-99
Evaluate 1 + 40 - ((181 - -23) + -219).
56
What is the value of (-67 - (9 + (-82 + 73 - (2 - -1)))) + -4?
-68
25 + 1 - (26 + -45 + 8 - -11)
26
What is (16 + -1 - (-184 - -200)) + 0 + (-35 - -1)?
-35
11 + -73 + 49 - (1 + -9)
-5
What is the value of 3 + ((6 + -5 - -1) + 8 + 14 - 3)?
24
Calculate -52 - (-37 + 66 + (-36 - 5)).
-40
3 - (0 + 7 + -34 - (-19 + 36 - 27))
20
What is -10 - (-32 - ((-18 - -16 - -2) + 11))?
33
What is -76 + -22 - (-3 + (2 - -1) - (-59 + 60))?
-97
-13 - (-2 + 12 - 11) - (25 - -3)
-40
What is the value of -13 + (42 - -1 - 25) - -40?
45
Evaluate -10 - 0 - -8 - (46 + 4 + -9 - -7).
-50
-53 - (204 - 279) - ((-1 - 1) + 10 - 0)
14
What is 1 + -13 + -6 + -2 + -2?
-22
Evaluate (21 - (35 + (-1 - 9))) + -87 - (-12 - -1).
-80
Evaluate -81 - (8 + 14 - -2 - -6).
-111
22 + 0 + 5 + 187 + -132
82
1301 + -1235 + -2 + 2 + -12
54
What is the value of (9 + -7 - (-5 - (-6 - 10))) + 17 + 34?
42
What is the value of -41 - (-3 + -12) - (20 - 27)?
-19
Calculate 15 + -11 + 44 + -30.
18
Calculate (-2 - -25) + -3 + (86 - 94 - (-2 - 18)).
32
Evaluate -9 + (10 - 8) + 13 + -6 + -12.
-12
What is (-23 + (-18 - -63) - 51) + 39?
10
Calculate (-3 - (-1 - -8)) + -11 + 1.
-20
What is (2 - 8) + (8 - 62) + 11?
-49
Calculate (10 + 0 - 1 - -4) + -7 + -25 - -3.
-16
What is the value of 11 + (-34 - (8 + -29)) - 68?
-70
10 - (-3 + 2 + 4) - (-460 - -501)
-34
What is (-18 - (9 + (14 - 28))) + -4 + 2?
-15
Evaluate 6 + 16 + 56 + -11 + -32.
35
Evaluate (1 - (-6 + 0 + 12) - -14) + -37.
-28
What is the value of -3 - 1 - ((-4 + -12 - -26) + -12 - -9)?
-11
(6 + -32 - -14) + -6 + 26
8
3 + 17 + -12 + 17 + 14
39
What is the value of 0 - (2 - -7) - (-2 + -11 + 24 + -58)?
38
Calculate (-455 - -438) + (0 - -18) + 3 + -2.
2
Evaluate (-9 - -96) + -9 + (-31 - (37 - 69)).
79
What is 20 - (-13 + (-17 - (-86 - -21)))?
-15
Evaluate 84 + (-21 - 61) + -2.
0
Calculate -3 - 62 - 23 - (83 + -65).
-106
184 - (-97 + 69) - 130
82
Calculate 86 + -34 + (-80 - -21).
-7
What is the value of (-12 - 50) + 24 + 17 - -23?
2
(-665 - -710) + 0 + -42
3
What is the value of (1 - -3) + -33 + (-16 + 27 - (-3 + 4))?
-19
Evaluate -138 - (95 + -135 + -164).
66
What is the value of 12 + -1 - (-9 - (0 + 8 + -4 - 5))?
19
Calculate -27 + (57 - -33) - (35 + -43).
71
What is the value of -8 - (-30 - -22) - (-5 + 1)?
4
Calculate (1 + -9 - (-19 + 7 - (-8 - -6))) + 34.
36
Calculate 41 + (28 - (15 - -3)) + -17 - 15.
19
Calculate (-21 - -15) + (24 - 32) + -12.
-26
Evaluate 75 + (59 - 87 - 18).
29
What is -868 + 768 + (1 - -46)?
-53
What is the value of 0 + -10 + (-596 - -606) + -3 + 66?
63
Calculate -6235 - -6237 - (-30 - -1).
31
(87 - 44) + (-1 - (3 + -4 - 4))
47
What is the value of -254 + 120 + (4 - -48)?
-82
Calculate -23 - (-24 - -4) - 13 - -92.
76
What is (-5 - (-11 + 14)) + 17 + (5 - 12)?
2
What is the value of 9 + -6 + (6 - -3) - (-14 - (48 + 19))?
93
-31 + (15 + 13 + -19 - 15) + -12
-49
Evaluate (16 - 7) + 0 - (42 - (16 - -100)).
83
Calculate (-15 + 45 - 33) + 1 - (4 - 31).
25
-1 + 18 - 1 - -26
42
What is (-2 - -7) + -6 + -37 + 71 + -22?
11
Evaluate 27 - 25 - -19 - 34.
-13
What is the value of -21 - (19 - (-31 + 9 - -42))?
-20
(0 - 11) + (25 - 98) + 110 - -7
33
Calculate 53 - 8 - (23 - -23) - (0 - 52).
51
What is (16 - 1) + (3 - (5 + -17)) + -333 + 313?
10
What is (1372 - 1377) + 118 + -10 + 4 + 6?
113
What is (-74 - -62) + -212 + 212?
-12
What is -439 + 457 + -13 + -4 + 2?
3
-2 + 4 + 1 - (1 - 0) - (502 - 522)
22
Calculate 3 + (0 - (0 + 27)) - (-1584 + 1552).
8
Calculate 16 + -18 + (3 - 1) + 16 + -11.
5
Calculate 37 + (-305 - -287) + (9 - -1) + -1.
28
What is 948 - 900 